posite number?
True
Is 6860916241 a composite number?
False
Is 1974951079 a composite number?
False
Is 45737533051 a composite number?
True
Is 12434832869 composite?
True
Is 7440538103 a prime number?
False
Is 1834557689 prime?
False
Is 376652141 composite?
False
Is 4801517023 prime?
True
Is 5840042191 a composite number?
False
Is 27991377109 prime?
False
Is 9146206319 prime?
False
Is 7991271031 composite?
False
Is 3251423377 composite?
True
Is 255307714889 a composite number?
False
Is 1161666697 a prime number?
True
Is 15008280473 a composite number?
False
Is 245169831 composite?
True
Is 1808994167 prime?
True
Is 33274178459 composite?
True
Is 16182466049 a composite number?
True
Is 2449164317 a composite number?
False
Is 87910367 prime?
True
Is 2276596129 a prime number?
False
Is 7347445967 composite?
False
Is 5320915057 prime?
False
Is 281269361 prime?
False
Is 294043627 a prime number?
True
Is 68938111469 a prime number?
True
Is 56869286 a composite number?
True
Is 3888959471 a prime number?
True
Is 300811418 a composite number?
True
Is 8311387369 prime?
True
Is 69690547979 composite?
True
Is 538959493 a composite number?
False
Is 2212036331 prime?
True
Is 9839723731 a prime number?
True
Is 265524155783 prime?
True
Is 33500028481 a composite number?
False
Is 3923786519 a prime number?
True
Is 2933529959 prime?
False
Is 971095031 composite?
True
Is 20982096281 composite?
True
Is 10841259651 a composite number?
True
Is 7022311253 prime?
True
Is 7548682789 prime?
True
Is 997147219 a prime number?
False
Is 48793080178 prime?
False
Is 7101750197 prime?
False
Is 76368781211 prime?
True
Is 3785161217 a prime number?
True
Is 86613767 a prime number?
True
Is 1208714069 a composite number?
False
Is 1356719011 prime?
True
Is 45955821643 a composite number?
False
Is 4355361589 a composite number?
False
Is 20537915311 composite?
False
Is 2903755051 composite?
True
Is 636976661 composite?
True
Is 98255398123 a prime number?
True
Is 109087692535 prime?
False
Is 77225868449 a composite number?
True
Is 26517945589 composite?
False
Is 49958925745 composite?
True
Is 418881709 prime?
True
Is 2163362197 a composite number?
False
Is 2879120869 prime?
True
Is 50726997301 prime?
True
Is 1816979149 a composite number?
True
Is 777100459 prime?
False
Is 8628011057 prime?
True
Is 27270574511 prime?
False
Is 110230341009 composite?
True
Is 41780176897 composite?
True
Is 7163334623 a composite number?
True
Is 602848921 composite?
True
Is 800455069 a prime number?
False
Is 532282391 a composite number?
True
Is 14009858099 a composite number?
False
Is 53714041345 a prime number?
False
Is 943123109 a composite number?
True
Is 59220221 a composite number?
True
Is 77800357 a prime number?
False
Is 1076385509 a composite number?
True
Is 9614883653 prime?
False
Is 34594885187 a composite number?
False
Is 1384081001 prime?
True
Is 77062893329 a prime number?
False
Is 2347407037 prime?
False
Is 1322509847 a composite number?
False
Is 2564353813 a prime number?
False
Is 1136577557 composite?
False
Is 2123498411 a prime number?
True
Is 18227489899 prime?
False
Is 813146195 a composite number?
True
Is 8165624711 a composite number?
False
Is 915034942 a composite number?
True
Is 423719159 prime?
True
Is 5872300207 prime?
True
Is 386930794853 a prime number?
False
Is 92530718177 a composite number?
True
Is 44131649351 a composite number?
False
Is 20131671947 composite?
False
Is 449206831 prime?
True
Is 3021247631 prime?
False
Is 5253712567 a prime number?
False
Is 14830537487 composite?
False
Is 1738587463 composite?
False
Is 5362674971 composite?
True
Is 2508140567 composite?
False
Is 5866185473 a composite number?
True
Is 26212604633 prime?
False
Is 10878667099 a composite number?
True
Is 10637525257 a composite number?
True
Is 9937225293 prime?
False
Is 280083567593 prime?
True
Is 11722346711 a composite number?
False
Is 18265252909 a composite number?
True
Is 4996085537 a composite number?
False
Is 34603236611 a prime number?
True
Is 3024948233 composite?
False
Is 2523444871 prime?
True
Is 22852761346 composite?
True
Is 36448991561 a prime number?
True
Is 10504083445 prime?
False
Is 73028141161 prime?
True
Is 760550155 composite?
True
Is 9134814467 composite?
False
Is 393119689 a composite number?
False
Is 826526287 composite?
True
Is 21601336343 a composite number?
True
Is 1174287659 prime?
True
Is 116867664811 composite?
False
Is 112446014773 composite?
True
Is 140709773971 prime?
False
Is 4462749631 a composite number?
False
Is 204322169387 a prime number?
False
Is 3341604899 composite?
False
Is 2151929119 a prime number?
False
Is 36699106529 composite?
True
Is 468863897 prime?
True
Is 523546699 a composite number?
True
Is 1025687891 a prime number?
True
Is 1333226033 a prime number?
True
Is 720823921 prime?
False
Is 87689887 composite?
False
Is 663828271 prime?
False
Is 16703645473 a prime number?
True
Is 84321494681 a prime number?
True
Is 3592614287 composite?
False
Is 448686583 prime?
False
Is 564522013 composite?
True
Is 68069983 composite?
False
Is 1257577859 a prime number?
True
Is 2266620779 composite?
True
Is 577376486167 composite?
True
Is 9796607783 prime?
True
Is 3214513327 a composite number?
True
Is 33076922149 a composite number?
False
Is 173471897813 a composite number?
False
Is 8990152399 prime?
False
Is 573856081 prime?
False
Is 7330065037 composite?
False
Is 74784517 prime?
True
Is 8568288791 prime?
False
Is 166343383513 a prime number?
False
Is 312034441 a composite number?
True
Is 55898554151 a composite number?
True
Is 852475391 prime?
False
Is 234169979 prime?
True
Is 7834573 a prime number?
True
Is 10379305229 a prime number?
True
Is 7039533559 a prime number?
True
Is 2340592409 prime?
False
Is 76217529379 a composite number?
False
Is 7762187837 a composite number?
False
Is 8039231029 a prime number?
False
Is 6505996069 a composite number?
False
Is 9002398829 prime?
False
Is 85960433029 a prime number?
True
Is 1251765499 a prime number?
True
Is 17449668269 a composite number?
True
Is 4442116019 prime?
False
Is 282895817 prime?
True
Is 698543025707 prime?
True
Is 16559583979 composite?
False
Is 4236083143 a prime number?
False
Is 5236515137 a composite number?
True
Is 1811862443 composite?
True
Is 27083748613 composite?
False
Is 880861726 a composite number?
True
Is 17187433 prime?
True
Is 846538571 a composite number?
False
Is 87613946743 composite?
True
Is 211708833779 a prime number?
True
Is 337361429 prime?
True
Is 17395032469 prime?
False
Is 4012618969 a composite number?
True
Is 41726398613 a prime number?
True
Is 46541861 composite?
True
Is 18713594993 prime?
True
Is 10169728319 a composite number?
False
Is 1020321749 a composite number?
False
Is 1746527429 composite?
False
Is 954530539 prime?
True
Is 25101300983 a composite number?
True
Is 2843606503 a composite number?
True
Is 1841159141 prime?
False
Is 62739648551 a composite number?
False
Is 11792629421 a composite number?
True
Is 1569758963 a prime number?
False
Is 270590141 a prime number?
True
Is 19689522353 a composite number?
True
Is 7277401133 a prime number?
False
Is 1434017209 prime?
False
Is 43138742993 composite?
True
Is 1221347009 a composite number?
False
Is 17433233 a prime number?
True
Is 737057577 composite?
True
Is 135143191 a composite number?
False
Is 278900689 composite?
True
Is 964672077 a composite number?
True
Is 292477727 a composite number?
True
Is 396818489 a composite number?
False
Is 8490351523 composite?
True
Is 341212951 a prime number?
False
Is 815826595 a composite number?
True
Is 55851651361 prime?
False
Is 80792546423 prime?
True
Is 867135251 a composite number?
False
Is 5963729021 prime?
True
Is 26529212863 a composite number?
False
Is 2350387339 a composite number?
False
Is 9285597439 a composite number?
False
Is 78273820237 composite?
False
Is 752604217 composite?
False
Is 25008105791 a prime number?
False
Is 1143069071 a prime number?
True
Is 1042434059 composite?
True
Is 3969907033 composite?
True
Is 13684317397 a prime number?
False
Is 161517217 a prime number?
True
Is 244883117411 a composite number?
False
Is 666776315 prime?
False
Is 18002021123 a prime number?
False
Is 8285475991 composite?
True
Is 123385983599 a prime number?
True
Is 3044442805 